r of 83503875?
True
Is 243327528 a multiple of 123?
False
Does 92 divide 157187371?
False
Is 366 a factor of 2977413?
False
Is 40156750 a multiple of 10?
True
Is 5 a factor of 7152483?
False
Is 53 a factor of 62442533?
True
Does 21 divide 29269275?
True
Is 271765416 a multiple of 156?
True
Is 20242527 a multiple of 206?
False
Is 35 a factor of 81271540?
True
Is 155884981 a multiple of 167?
True
Is 930 a factor of 498108115?
False
Does 3 divide 499023?
True
Is 7963318 a multiple of 7?
False
Is 479 a factor of 1201857463?
True
Does 86 divide 20694352?
True
Is 152 a factor of 1150428112?
True
Is 5 a factor of 1789984?
False
Is 2812933570 a multiple of 71?
False
Is 341 a factor of 94781450?
False
Does 16 divide 138237616?
True
Is 193 a factor of 29621431?
False
Does 491 divide 3684687?
False
Does 2772 divide 604090872?
True
Is 290567229 a multiple of 5763?
False
Is 380856198 a multiple of 894?
False
Does 2 divide 2169167?
False
Does 137 divide 75265826?
False
Does 30 divide 206093130?
True
Is 94682765 a multiple of 83?
False
Does 77 divide 1443975918?
True
Is 516 a factor of 105254219?
False
Is 277 a factor of 2321693228?
True
Is 213 a factor of 36333552?
False
Is 243 a factor of 9723669?
False
Does 6964 divide 111396144?
True
Does 112 divide 4661294013?
False
Does 618 divide 687235778?
False
Is 22 a factor of 220734228?
True
Is 114 a factor of 40775422?
False
Is 15 a factor of 20915269?
False
Does 98 divide 251596282?
True
Does 557 divide 21636041?
False
Is 1873 a factor of 350692917?
False
Is 683960520 a multiple of 6?
True
Is 977 a factor of 8920010?
True
Is 17 a factor of 205890519?
True
Is 3348272852 a multiple of 8?
False
Is 696140280 a multiple of 330?
True
Is 1200 a factor of 2142150000?
True
Is 29421105 a multiple of 37?
True
Is 529 a factor of 1095373850?
True
Does 8 divide 5453691?
False
Is 65 a factor of 5587457?
False
Is 776 a factor of 19849291?
False
Is 15 a factor of 778443940?
False
Does 91 divide 340665507?
True
Does 74 divide 260226104?
False
Is 208330526 even?
True
Is 102859253 a multiple of 7?
True
Is 136 a factor of 3343832?
True
Is 38629936 a multiple of 860?
False
Is 1961388618 a multiple of 23?
True
Is 31617742 a multiple of 1548?
False
Is 2353057672 a multiple of 14?
True
Is 30994818 a multiple of 10?
False
Does 15 divide 35413513?
False
Does 39 divide 2454011117?
False
Does 1021 divide 11011485?
True
Does 15 divide 163527120?
True
Is 888 a factor of 198123421?
False
Does 3 divide 5763057?
True
Is 463 a factor of 297224261?
False
Is 771874080 a multiple of 1032?
True
Is 42121772 a multiple of 11?
True
Is 322890812 a multiple of 418?
False
Is 155 a factor of 622382815?
True
Is 82214913 a multiple of 652?
False
Does 10 divide 56302992?
False
Is 660278047 a multiple of 787?
True
Is 50121038 a multiple of 19?
False
Is 865 a factor of 2275966165?
False
Is 39448898 a multiple of 30?
False
Is 6355386 a multiple of 19?
True
Does 96 divide 202047648?
True
Is 9 a factor of 44550590?
False
Is 503707414 a multiple of 4727?
False
Is 1356756 a multiple of 109?
False
Is 47164596 a multiple of 34?
True
Does 358 divide 737400037?
False
Is 283833911 a multiple of 4084?
False
Is 94 a factor of 1976661516?
True
Does 37 divide 802457526?
False
Does 1193 divide 252851578?
True
Is 4 a factor of 6996423?
False
Is 22 a factor of 34334036?
True
Does 172 divide 161387532?
False
Is 37 a factor of 74908239?
True
Is 108338818 a multiple of 4?
False
Is 838381072 a multiple of 1426?
False
Is 560329749 a multiple of 161?
True
Does 8 divide 816094200?
True
Is 1392 a factor of 465656016?
True
Does 88 divide 8432688?
True
Is 10 a factor of 74029261?
False
Is 82 a factor of 12875108?
False
Is 218034302 a multiple of 1322?
False
Does 448 divide 446083904?
True
Is 4 a factor of 9368756?
True
Is 18141981 a multiple of 7?
False
Is 211436844 a multiple of 2487?
False
Does 1266 divide 5105778?
True
Is 54 a factor of 131352640?
False
Is 142224732 a multiple of 207?
True
Does 120 divide 31452840?
True
Is 44004966 a multiple of 6?
True
Is 1955 a factor of 34962701?
False
Does 737 divide 77275924?
True
Is 2358 a factor of 97059198?
False
Is 8489375 a multiple of 500?
False
Does 6 divide 291989184?
True
Does 846 divide 456964125?
False
Is 564 a factor of 2084404692?
True
Is 3234632900 a multiple of 692?
True
Is 117592854 a multiple of 44?
False
Does 10 divide 14827660?
True
Is 268568604 a multiple of 61?
True
Is 11082078 a multiple of 19?
False
Is 4 a factor of 18110788?
True
Does 1174 divide 12627532?
False
Does 17 divide 11283085?
False
Does 3 divide 242739?
True
Is 417776008 a multiple of 13?
True
Is 43349526 a multiple of 342?
True
Is 2224707290 a multiple of 26?
True
Is 3421387440 a multiple of 83?
False
Is 512 a factor of 1476019226?
False
Is 24 a factor of 14276400?
True
Does 283 divide 1456538?
False
Is 4225664 a multiple of 8?
True
Does 16 divide 112819504?
True
Is 376 a factor of 57862264?
True
Is 39 a factor of 2957654895?
True
Is 79848036 a multiple of 4?
True
Is 11 a factor of 507833194?
True
Does 178 divide 85664037?
False
Is 430619531 a multiple of 213?
False
Does 79 divide 99052829?
False
Is 3260236606 a multiple of 1046?
True
Is 4007 a factor of 22483277?
True
Does 8 divide 12832614?
False
Does 15 divide 813659261?
False
Is 82924941 a multiple of 366?
False
Is 1686246912 a multiple of 10248?
True
Is 169872840 a multiple of 180?
True
Does 680 divide 163879181?
False
Is 84611257 a multiple of 187?
False
Does 1303 divide 76650151?
False
Is 734 a factor of 5262046?
True
Is 134582838 a multiple of 13?
True
Does 174 divide 8865149?
False
Is 1257535 a multiple of 4?
False
Is 556 a factor of 12214764?
True
Does 1391 divide 86503464?
False
Does 158 divide 6814856?
True
Is 166334044 a multiple of 6?
False
Is 12 a factor of 23243141?
False
Does 635 divide 1233805?
True
Is 2897785 a multiple of 3?
False
Is 16 a factor of 239833893?
False
Is 18817899 a multiple of 38?
False
Is 32 a factor of 455592045?
False
Is 878799267 a multiple of 261?
True
Is 15388862 even?
True
Is 9 a factor of 12238754?
False
Does 12 divide 479036813?
False
Is 49081882 a multiple of 142?
False
Is 731 a factor of 306723417?
False
Is 221 a factor of 3293596?
False
Is 798 a factor of 88578402?
False
Does 193 divide 42493389?
True
Is 767061058 a multiple of 1447?
False
Is 568816462 a multiple of 2804?
False
Is 291 a factor of 593358312?
True
Is 863351825 a multiple of 245?
True
Is 10 a factor of 728248037?
False
Is 792 a factor of 581677188?
False
Is 3 a factor of 7119429?
True
Does 89 divide 9982487?
False
Is 745144848 a multiple of 103?
True
Is 114036660 a multiple of 645?
False
Is 2727969 even?
False
Is 10 a factor of 22659739?
False
Is 52 a factor of 117547612?
True
Is 837 a factor of 615197511?
True
Does 1517 divide 782696375?
False
Does 85 divide 37869593?
False
Is 14 a factor of 96829362?
True
Is 549835484 a multiple of 22?
True
Is 263 a factor of 2200144658?
False
Is 174268584 a multiple of 21?
True
Is 2709 a factor of 270807894?
True
Is 3760 a factor of 2273265920?
True
Does 2690 divide 2698753260?
True
Does 15 divide 119761884?
False
Does 11 divide 161621790?
True
Does 2956 divide 20792504?
True
Is 119289600 a multiple of 1440?
True
Is 2188 a factor of 1112455780?
True
Does 12 divide 66053069?
False
Does 225 divide 377339175?
True
Is 471 a factor of 152612018?
False
Is 33 a factor of 337195089?
True
Does 1094 divide 946933189?
False
Is 87 a factor of 25421432?
False
Is 266164489 a multiple of 988?
False
Does 8 divide 11443072?
True
Does 526 divide 10461088?
True
Does 14 divide 53297760?
False
Is 77 a factor of 5498384?
False
Is 1226848 a multiple of 14?
True
Does 46 divide 57732116?
True
Does 19 divide 1421200?
True
Is 1204 a factor of 15818574?
False
Does 559 divide 6540548?
False
Is 50615600 a multiple of 8?
True
Is 711731240 a multiple of 5?
True
Does 41 divide 11073380?
False
Does 372 divide 27145896?
False
Is 8678619 a multiple of 41?
False
Does 757 divide 452574485?
False
Is 2712943291 a multiple of 198?
False
Is 42 a factor of 8455126?
False
Is 484 a factor of 75275227?
False
Does 326 divide 726663454?
True
Is 613122153 a multiple of 147?
True
Does 13 divide 1338165526?
False
Does 23 divide 12513048?
False
Does 1713 divide 97937091?
False
Is 27 a factor of 16064300?
False
I